 Calculate the highest common divisor of f and 304.
38
Suppose -8 = -4*x, -5*x + 8 = -4*i - x. Suppose -2*b = -3*s + 12, -5*s + i*b + b = -13. What is the greatest common factor of s and 10?
2
Let n(x) = -x**2 + 10*x - 11. Let o be n(8). Let h(s) = s**2 + s - 1. Let v be h(o). What is the highest common divisor of v and 116?
29
Suppose 3*d = -2*f + 33, -5*d = -5*f - 55 - 0. What is the highest common divisor of 22 and d?
11
Let a(k) = 4*k - 18. Let z be a(10). Calculate the highest common factor of z and 55.
11
Let f(t) = -9*t - 1. Let z be f(2). Let x = z - -117. Calculate the highest common factor of x and 14.
14
Suppose 846 + 162 = 24*r. Suppose -52 = -5*a + 18. What is the highest common factor of r and a?
14
Let l(z) = 15*z**2 + 2*z + 1. Let h be l(-1). What is the highest common factor of h and 154?
14
Suppose 3*s + 2*n + 1 = 11, 0 = 3*s + n - 8. What is the greatest common divisor of s and 2?
2
Let v(h) = 3*h - 58. Let c(x) = 2*x - 39. Let s(a) = 7*c(a) - 5*v(a). Let d be s(7). What is the highest common factor of d and 50?
10
Let w(f) = 5*f**2. Let i be w(-1). Suppose 3*u - 26 = 5*b, 0 = -b + 3*b - i*u - 1. Let z = 16 + b. What is the highest common factor of z and 63?
9
Let v(j) = -j**3 + 10*j**2 - 14*j - 22. Let s be v(7). Calculate the highest common factor of 135 and s.
27
Let k = 117 - -23. Calculate the highest common factor of k and 40.
20
Suppose -2*o + 36 = o. Let v be (o/(-18))/((-2)/(-3)). Let n(u) = -15*u**3 - u**2 + u + 1. Let r be n(v). What is the highest common divisor of r and 70?
14
Suppose 0*j + 36 = 6*j. What is the highest common divisor of 18 and j?
6
Let p(z) = -z**3 - 3*z**2 - z + 7. Let a be p(-6). Let r be (a/(-33))/(2/(-12)). What is the greatest common factor of 176 and r?
22
Let o(t) = -2*t - 10. Let d be (6/12)/(2/(-32)). Let m be o(d). Let v = -9 - -15. Calculate the greatest common divisor of m and v.
6
Let t(h) = -h**3 - h**2 + h. Let y be t(-2). Let u(b) = 1 - 1 + 5*b. Let d be u(y). Calculate the highest common divisor of d and 80.
10
Let r = 27 - 11. Let a be ((-796)/(-6))/(4/6). Suppose 2*h - 153 = a. What is the highest common factor of r and h?
16
Let b = 287 - 182. Calculate the greatest common divisor of b and 21.
21
Let t(y) = 11*y - 2. Let b be t(2). What is the highest common factor of 20 and b?
20
Let m = -66 + 92. Let h = m + -1. Calculate the greatest common divisor of h and 25.
25
Let f = -45 - -64. Suppose -5*q = -616 - 239. What is the greatest common divisor of q and f?
19
Suppose m - 5*m + 16 = 0. Calculate the highest common divisor of 32 and m.
4
Let h(b) = b**3 - 3*b**2 + 4*b - 2. Let k be h(2). Calculate the greatest common factor of k and 22.
2
Let j be 4 - 26*(-1)/2. Let k = 135 + -16. What is the greatest common factor of j and k?
17
Let b(c) = -10*c + 12. Let n(w) = 3*w - 4. Let d(y) = -6*b(y) - 17*n(y). Let l be d(3). Let m = l + -8. What is the highest common divisor of 45 and m?
15
Suppose -462 = 27*q - 30*q. Calculate the highest common factor of q and 22.
22
Suppose 5*f + 0 = 10. Suppose -2*w + 61 = f*w - 3*r, w - 22 = 3*r. Calculate the greatest common divisor of w and 13.
13
Let r = 804 + -324. What is the greatest common factor of r and 48?
48
Let l be (-38)/(-4) - (-3)/(-2). Suppose 4*m - 4 = l. Let z = -2 + m. Calculate the highest common divisor of z and 1.
1
Suppose 2*y = 2*u - 14, 5*u = 4*u + 3*y + 15. Let w(x) = -x**2 + 13*x + 33. Let s be w(-2). Calculate the greatest common divisor of s and u.
3
Suppose -1 + 33 = 4*s. Suppose 5*k + 5*a + 17 - 67 = 0, 3*a + 2 = k. Calculate the greatest common divisor of k and s.
8
Let k = -293 - -563. Calculate the greatest common factor of k and 30.
30
Suppose 0 = s - 0*s + 3*w - 31, 2*w = 6. What is the greatest common divisor of 2 and s?
2
Suppose 0*t = -3*t + 21. Suppose -4*g + 225 = c, c - 107 = -2*g + 6*c. Calculate the greatest common factor of g and t.
7
Suppose 2*o - b = -23, 0*o - 1 = -o - 2*b. Let y be 2*o/(-6) + 4. Calculate the highest common divisor of 63 and y.
7
Suppose 4*i + 6*z - 52 = 2*z, 0 = -4*z + 4. What is the highest common factor of 6 and i?
6
Suppose 3*b - 5*g + 10*g + 31 = 0, 3*g + 17 = -b. Let m be (2 + -8)*2/b. What is the greatest common divisor of m and 6?
6
Suppose -5*f = 4*f - 171. Calculate the greatest common divisor of 19 and f.
19
Suppose 4*k - 20 = -k. Suppose -3 = 3*u - k*u. Suppose -4*m - 9 = f - 3, -u*f + m = -8. Calculate the highest common factor of f and 1.
1
Suppose t = 4*t - 45. What is the highest common divisor of 45 and t?
15
Let l(g) = g + 10. Let y be l(-8). Suppose -z - y = -5. What is the greatest common divisor of 21 and z?
3
Suppose 0*f + 50 = f. Let o = f - 23. Calculate the greatest common divisor of 27 and o.
27
Suppose 5*h - 86 = 14. Suppose -390 = 3*j - 16*j. What is the greatest common factor of j and h?
10
Let w = 242 + -147. Suppose -o + 385 = 3*r + r, r = o + w. What is the greatest common divisor of 12 and r?
12
Suppose -5*x + 228 = 58. Suppose -6*a + 155 = 3*y - 5*a, 5*y - 253 = a. Calculate the greatest common divisor of y and x.
17
Let l = -11 + 16. Let k(v) = -5 + 0*v - 4*v**3 - l*v**2 + 2*v**3 + 3*v + 3*v**3. Let y be k(5). Calculate the greatest common divisor of 110 and y.
10
Suppose -5*t + t + p = -1021, 253 = t - p. Suppose 0*d + t = 4*d. What is the greatest common divisor of 8 and d?
8
Let r = -6 + 10. Suppose r*n = 100 - 36. Suppose f = y - 3, 0 = -0*y - y + 2*f + 2. Calculate the highest common divisor of n and y.
4
Suppose 2*u - 85 = u - 5*a, a = 5*u - 503. Calculate the greatest common factor of u and 25.
25
Let d(m) = -m**3 - 10*m**2 + 2. Let q be d(-10). Suppose -2*n + 44 = 4*z, 0 = n + 2*n - q*z - 66. What is the highest common divisor of 88 and n?
22
Let z be (26 - 0)*(-2)/(-4). Let s be 2/4*(z + 1). Let r be 4 + (13 - (10 - 4)) + 10. Calculate the greatest common divisor of s and r.
7
Let a = 5 - -3. What is the highest common divisor of 12 and a?
4
Suppose 0 = -g - 4*z + 33, z = -3*g + 25 + 85. Let n = g - 20. Calculate the highest common factor of 85 and n.
17
Let o = -50 + 72. What is the greatest common divisor of o and 11?
11
Let d = 29 + -14. Suppose -16 - 17 = 3*v. Let j = 21 + v. Calculate the greatest common factor of j and d.
5
Let l = 9 - 1. Suppose -l = -2*a + 3*c + 10, -3*c = 12. Calculate the highest common divisor of a and 33.
3
Suppose 72 = -11*b + 13*b. Let a be 4/14 - (-304)/14. Suppose o = a + 2. Calculate the highest common factor of o and b.
12
Suppose -3*d = 2*d + 300. Let i be 1 - d - 3/(-1). Suppose 5*t - 83 = -3. What is the greatest common divisor of i and t?
16
Let j(v) = -3*v - 5. Let m be -4*12/(-32)*-2. Let k be j(m). Calculate the greatest common factor of 16 and k.
4
Let d(n) = 8*n - 1. Let i be d(3). Suppose -3*l + 276 = -0*g - g, 0 = -5*l + g + 460. Calculate the highest common divisor of i and l.
23
Let p(f) be the second derivative of -25*f**4/12 - f**3/6 - 4*f. Let a be p(1). Let l = -8 - a. What is the highest common factor of l and 9?
9
Let p be (1/(-1))/((-6)/(-102)). Let g = 28 - p. Let i = 10 - -5. What is the highest common factor of i and g?
15
Let d be (2/1 - 1) + 1. Suppose -6*q + 2*q + 80 = v, 2*q - 34 = -d*v. Let p be (-2)/(-10) - (-408)/60. What is the greatest common factor of p and q?
7
Suppose 0 = 2*r - 2*f - 154, -71 = -r + f - 2*f. Calculate the greatest common factor of 111 and r.
37
Suppose -t = -3*t + 90. Suppose -d + 4*d - t = 0. Let g be -18*(0 + d/(-6)). Calculate the greatest common factor of 5 and g.
5
Let r be -7*((-1)/(1/2) - -1). What is the greatest common factor of r and 35?
7
Let q = 55 + -6. Calculate the highest common factor of q and 343.
49
Suppose 4*u + 3*j - 669 = 0, 0*j + j + 169 = u. What is the highest common factor of 42 and u?
42
Suppose t - 93 = -0*t + 3*y, -255 = -3*t + y. What is the highest common factor of 12 and t?
12
Let q(t) = 2*t**2 - 13*t - 36. Let a be q(11). What is the greatest common factor of 7 and a?
7
Let m = 77 - 43. What is the highest common factor of 238 and m?
34
Suppose 0 = -x - x + 8. Let m(t) = -t**3 - 2*t + 2. Let u(k) = k**2 + 5*k + 6. Let f be u(-3). Let o be m(f). Calculate the greatest common divisor of x and o.
2
Let r = 21 - 20. What is the greatest common divisor of 8 and r?
1
Let u be (1 - (-2)/4)*-2. Let y = u + 4. Let k be y -